{"id":10868,"date":"2014-10-11T14:22:51","date_gmt":"2014-10-11T14:22:51","guid":{"rendered":"http:\/\/avada.theme-fusion.com_demos\/portfolio\/?page_id=10868"},"modified":"2021-04-22T08:37:02","modified_gmt":"2021-04-22T08:37:02","slug":"inicio","status":"publish","type":"page","link":"https:\/\/saludablecenter.com\/","title":{"rendered":"Inicio"},"content":{"rendered":"<p><div class=\"fusion-fullwidth fullwidth-box fusion-builder-row-1 nonhundred-percent-fullwidth non-hundred-percent-height-scrolling\" style=\"--awb-background-position:left top;--awb-border-sizes-top:0px;--awb-border-sizes-bottom:0px;--awb-border-sizes-left:0px;--awb-border-sizes-right:0px;--awb-border-radius-top-left:0px;--awb-border-radius-top-right:0px;--awb-border-radius-bottom-right:0px;--awb-border-radius-bottom-left:0px;--awb-padding-top:95px;--awb-padding-bottom:20px;--awb-background-color:yes;--awb-flex-wrap:wrap;\" ><div class=\"fusion-builder-row fusion-row\"><div class=\"fusion-layout-column fusion_builder_column fusion-builder-column-0 fusion_builder_column_1_1 1_1 fusion-one-full fusion-column-first fusion-column-last fusion-column-no-min-height\" style=\"--awb-bg-size:cover;--awb-margin-bottom:0px;\"><div class=\"fusion-column-wrapper fusion-flex-column-wrapper-legacy\"><div class=\"fusion-content-boxes content-boxes columns row fusion-columns-2 fusion-columns-total-2 fusion-content-boxes-1 content-boxes-icon-boxed content-left\" style=\"--awb-hover-accent-color:#ffa41c;--awb-circle-hover-accent-color:#ffa41c;\" data-animationOffset=\"top-into-view\"><div style=\"--awb-backgroundcolor:rgba(255,255,255,0);--awb-iconcolor:#6796bf;\" class=\"fusion-column content-box-column content-box-column content-box-column-1 col-lg-6 col-md-6 col-sm-6 fusion-content-box-hover content-box-column-first-in-row\"><div class=\"col content-box-wrapper content-wrapper content-wrapper-boxed link-area-link-icon link-type-text icon-hover-animation-fade fusion-animated\" data-animationType=\"zoomInDown\" data-animationDuration=\"0.2\" data-animationOffset=\"top-into-view\"><div class=\"heading heading-with-icon icon-left\"><a class=\"heading-link\" href=\"https:\/\/saludablecenter.com\/cursos-y-talleres\/\" target=\"_self\"><div style=\"margin-left:-35px;top:-85px;\" aria-hidden=\"true\" class=\"image\"><img decoding=\"async\" src=\"https:\/\/saludablecenter.com\/wp-content\/uploads\/2019\/01\/pildora72pp.jpg\" width=\"70\" height=\"70\" alt=\"\" \/><\/div><h2 class=\"content-box-heading fusion-responsive-typography-calculated\" style=\"--h2_typography-font-size:24px;--fontSize:24;line-height:1.29;\">EXCELENCIA, VOCACI\u00d3N E INNOVACI\u00d3N<\/h2><\/a><\/div><div class=\"fusion-clearfix\"><\/div><div class=\"content-container\">\n<p style=\"text-align: left;\">Somos un equipo multidisciplinar de profesionales sanitarios con la vocaci\u00f3n de cuidar de tu salud.<\/p>\n<p style=\"text-align: left;\">Trabajamos con las mejores t\u00e9cnicas sanitarias y continuamos aprendiendo para estar siempre al d\u00eda de los nuevos avances en el campo de las Ciencias de la Salud.<\/p>\n<\/div><\/div><\/div><div style=\"--awb-backgroundcolor:rgba(255,255,255,0);--awb-iconcolor:#6796bf;\" class=\"fusion-column content-box-column content-box-column content-box-column-2 col-lg-6 col-md-6 col-sm-6 fusion-content-box-hover content-box-column-last content-box-column-last-in-row\"><div class=\"col content-box-wrapper content-wrapper content-wrapper-boxed link-area-link-icon link-type-text icon-hover-animation-fade\" data-animationOffset=\"top-into-view\"><div class=\"heading heading-with-icon icon-left\"><a class=\"heading-link\" href=\"#idservicios\" target=\"_self\"><div style=\"margin-left:-35px;top:-85px;\" aria-hidden=\"true\" class=\"image\"><img decoding=\"async\" src=\"https:\/\/saludablecenter.com\/wp-content\/uploads\/2019\/01\/corazon72pp.jpg\" width=\"70\" height=\"70\" alt=\"\" \/><\/div><h2 class=\"content-box-heading fusion-responsive-typography-calculated\" style=\"--h2_typography-font-size:24px;--fontSize:24;line-height:1.29;\">SEGURIDAD Y CONFIANZA<\/h2><\/a><\/div><div class=\"fusion-clearfix\"><\/div><div class=\"content-container\">\n<p style=\"text-align: left;\">Garantizamos darte el mejor servicio, siempre mirando por tu salud.<\/p>\n<p style=\"text-align: left;\">Nuestra filosof\u00eda es que todo producto o servicio tiene sus repercusiones en la salud. Por eso, nos aseguramos de que estos sean compatibles con tu estilo de vida y tus circunstancias personales. Siempre habr\u00e1 profesionales sanitarios con los que contar.<\/p>\n<\/div><\/div><\/div><div class=\"fusion-clearfix\"><\/div><\/div><div class=\"fusion-sep-clear\"><\/div><div class=\"fusion-separator fusion-full-width-sep\" style=\"margin-left: auto;margin-right: auto;margin-top:-15px;margin-bottom:-15px;width:100%;\"><\/div><div class=\"fusion-sep-clear\"><\/div><div class=\"fusion-clearfix\"><\/div><\/div><\/div><div class=\"fusion-layout-column fusion_builder_column fusion-builder-column-1 fusion_builder_column_1_1 1_1 fusion-one-full fusion-column-first fusion-column-last fusion-column-no-min-height\" style=\"--awb-bg-size:cover;--awb-margin-bottom:0px;\"><div class=\"fusion-column-wrapper fusion-flex-column-wrapper-legacy\"><div class=\"fusion-content-boxes content-boxes columns row fusion-columns-2 fusion-columns-total-2 fusion-content-boxes-2 content-boxes-icon-boxed content-left\" style=\"--awb-hover-accent-color:#ffa51e;--awb-circle-hover-accent-color:#ffa51e;\" data-animationOffset=\"top-into-view\"><div style=\"--awb-backgroundcolor:rgba(255,255,255,0);--awb-iconcolor:#6796bf;\" class=\"fusion-column content-box-column content-box-column content-box-column-1 col-lg-6 col-md-6 col-sm-6 fusion-content-box-hover content-box-column-first-in-row\"><div class=\"col content-box-wrapper content-wrapper content-wrapper-boxed link-area-link-icon link-type-text icon-hover-animation-fade\" data-animationOffset=\"top-into-view\"><div class=\"heading heading-with-icon icon-left\"><a class=\"heading-link\" href=\"https:\/\/saludablecenter.com\/?page_id=10883\" target=\"_self\"><div style=\"margin-left:-35px;top:-85px;\" aria-hidden=\"true\" class=\"image\"><img decoding=\"async\" src=\"https:\/\/saludablecenter.com\/wp-content\/uploads\/2019\/01\/manos72pp.jpg\" width=\"70\" height=\"70\" alt=\"\" \/><\/div><h2 class=\"content-box-heading fusion-responsive-typography-calculated\" style=\"--h2_typography-font-size:24px;--fontSize:24;line-height:1.29;\">ATENCI\u00d3N PERSONALIZADA<\/h2><\/a><\/div><div class=\"fusion-clearfix\"><\/div><div class=\"content-container\">\n<p style=\"text-align: left;\">No te quedes con la duda. Ponemos a tu disposici\u00f3n a nuestros mejores profesionales para que puedan asesorarte. Ponte en contacto con nosotros a trav\u00e9s de nuestro email o por tel\u00e9fono o acude personalmente a Parafarmacia Saludable Center en Zaragoza y resolveremos todas tus preguntas.<\/p>\n<\/div><\/div><\/div><div style=\"--awb-backgroundcolor:rgba(255,255,255,0);--awb-iconcolor:#6796bf;\" class=\"fusion-column content-box-column content-box-column content-box-column-2 col-lg-6 col-md-6 col-sm-6 fusion-content-box-hover content-box-column-last content-box-column-last-in-row\"><div class=\"col content-box-wrapper content-wrapper content-wrapper-boxed link-area-link-icon link-type-text icon-hover-animation-fade\" data-animationOffset=\"top-into-view\"><div class=\"heading heading-with-icon icon-left\"><a class=\"heading-link\" href=\"https:\/\/tienda.saludablecenter.com\/\" target=\"_self\"><div style=\"margin-left:-35px;top:-85px;\" aria-hidden=\"true\" class=\"image\"><img decoding=\"async\" src=\"https:\/\/saludablecenter.com\/wp-content\/uploads\/2019\/01\/carrito72pp.jpg\" width=\"70\" height=\"70\" alt=\"\" \/><\/div><h2 class=\"content-box-heading fusion-responsive-typography-calculated\" style=\"--h2_typography-font-size:24px;--fontSize:24;line-height:1.29;\">TIENDA ONLINE<\/h2><\/a><\/div><div class=\"fusion-clearfix\"><\/div><div class=\"content-container\">\n<p>Todo lo que necesitas en un clic<strong>.\u00a0<\/strong><\/p>\n<p>En nuestra p\u00e1gina web podr\u00e1s encontrar miles de productos de la mejor calidad y de las mejores marcas, adem\u00e1s de ofertas y promociones.<\/p>\n<\/div><\/div><\/div><div class=\"fusion-clearfix\"><\/div><\/div><div class=\"fusion-sep-clear\"><\/div><div class=\"fusion-separator fusion-full-width-sep\" style=\"margin-left: auto;margin-right: auto;width:100%;\"><\/div><div class=\"fusion-sep-clear\"><\/div><div class=\"fusion-clearfix\"><\/div><\/div><\/div><\/div><\/div><div class=\"fusion-fullwidth fullwidth-box fusion-builder-row-2 nonhundred-percent-fullwidth non-hundred-percent-height-scrolling\" style=\"--awb-border-radius-top-left:0px;--awb-border-radius-top-right:0px;--awb-border-radius-bottom-right:0px;--awb-border-radius-bottom-left:0px;--awb-padding-top:40px;--awb-background-color:rgba(63,100,148,0.57);--awb-flex-wrap:wrap;\" id=\"idservicios\" ><div class=\"fusion-builder-row fusion-row\"><div class=\"fusion-layout-column fusion_builder_column fusion-builder-column-2 fusion_builder_column_1_1 1_1 fusion-one-full fusion-column-first fusion-column-last\" style=\"--awb-bg-size:cover;--awb-margin-bottom:0px;\"><div class=\"fusion-column-wrapper fusion-flex-column-wrapper-legacy\"><div class=\"fusion-text fusion-text-1\"><h2 style=\"text-align: center;\">SERVICIOS<\/h2>\n<\/div><div class=\"fusion-text fusion-text-2\"><h4 style=\"text-align: center;\">En Saludable Center estamos\u00a0interesados en facilitar el d\u00eda a d\u00eda de las personas que nos rodean.<\/h4>\n<h4 style=\"text-align: center;\">Puedes contactar con nosotros v\u00eda email o por tel\u00e9fono y solicitar alguno de nuestros servicios:<\/h4>\n<\/div><div class=\"fusion-clearfix\"><\/div><\/div><\/div><\/div><\/div><div class=\"fusion-fullwidth fullwidth-box fusion-builder-row-3 nonhundred-percent-fullwidth non-hundred-percent-height-scrolling\" style=\"--awb-border-radius-top-left:0px;--awb-border-radius-top-right:0px;--awb-border-radius-bottom-right:0px;--awb-border-radius-bottom-left:0px;--awb-padding-top:60px;--awb-background-color:rgba(63,100,148,0.57);--awb-flex-wrap:wrap;\" ><div class=\"fusion-builder-row fusion-row\"><div class=\"fusion-layout-column fusion_builder_column fusion-builder-column-3 fusion_builder_column_1_1 1_1 fusion-one-full fusion-column-first fusion-column-last\" style=\"--awb-bg-size:cover;\"><div class=\"fusion-column-wrapper fusion-flex-column-wrapper-legacy\"><div class=\"fusion-flip-boxes flip-boxes row fusion-columns-3 flip-effect-classic\"><div class=\"fusion-flip-box-wrapper fusion-column col-lg-4 col-md-4 col-sm-4\"><div class=\"fusion-flip-box flip-right\" tabindex=\"0\"><div class=\"flip-box-inner-wrapper\"><div class=\"flip-box-front\" style=\"--awb-border-color:#8bc34a;--awb-border-size:2px;--awb-border-radius:10px;--awb-background-color-front:rgba(255,255,255,0.62);--awb-title-front-color:#3f6494;\"><div class=\"flip-box-front-inner\"><div class=\"flip-box-grafix flip-box-image\"><img decoding=\"async\" src=\"https:\/\/saludablecenter.com\/wp-content\/uploads\/2019\/01\/acupuntura200x200.png\" width=\"200\" height=\"200\" alt=\"\" \/><\/div><h2 class=\"flip-box-heading without-text\">FITOTERAPIA<\/h2><\/div><\/div><div class=\"flip-box-back\" style=\"--awb-border-color:#8bc34a;--awb-border-size:2px;--awb-border-radius:10px;--awb-title-back-color:#ffa41c;--awb-text-back-color:#3f6494;\"><div class=\"flip-box-back-inner\"><h3 class=\"flip-box-heading-back\">Acupuntura<\/h3>\n<p>Uso de plantas medicinales para prevenir o tratar diversas complicaciones de la salud.<\/p>\n<p><a href=\"https:\/\/saludablecenter.com\/?page_id=2\"><span style=\"color: rgba(139,195,74,0.62);\">Leer m\u00e1s&#8230;<\/span><\/a><\/p>\n<\/div><\/div><\/div><\/div><\/div><div class=\"fusion-flip-box-wrapper fusion-column col-lg-4 col-md-4 col-sm-4\"><div class=\"fusion-flip-box flip-right\" tabindex=\"0\"><div class=\"flip-box-inner-wrapper\"><div class=\"flip-box-front\" style=\"--awb-border-color:#8bc34a;--awb-border-size:2px;--awb-border-radius:10px;--awb-background-color-front:rgba(255,255,255,0.62);--awb-title-front-color:#3f6494;\"><div class=\"flip-box-front-inner\"><div class=\"flip-box-grafix flip-box-image\"><img decoding=\"async\" src=\"https:\/\/saludablecenter.com\/wp-content\/uploads\/2019\/01\/fruta200x200.png\" width=\"200\" height=\"200\" alt=\"\" \/><\/div><h2 class=\"flip-box-heading without-text\">NUTRICI\u00d3N<\/h2><\/div><\/div><div class=\"flip-box-back\" style=\"--awb-border-color:#8bc34a;--awb-border-size:2px;--awb-border-radius:10px;--awb-title-back-color:#ffa41c;--awb-text-back-color:#3f6494;\"><div class=\"flip-box-back-inner\"><h3 class=\"flip-box-heading-back\">nutrici\u00f3n<\/h3>\n<p>Creemos en un modelo de\u00a0dietas creativas\u00a0y adaptadas al d\u00eda a d\u00eda de cada paciente. Ponte en forma<\/p>\n<p><a href=\"https:\/\/saludablecenter.com\/?page_id=2\"><span style=\"color: rgba(139,195,74,0.62);\">Leer m\u00e1s&#8230;<\/span><\/a><\/p>\n<\/div><\/div><\/div><\/div><\/div><div class=\"fusion-flip-box-wrapper fusion-column col-lg-4 col-md-4 col-sm-4\"><div class=\"fusion-flip-box flip-right\" tabindex=\"0\"><div class=\"flip-box-inner-wrapper\"><div class=\"flip-box-front\" style=\"--awb-border-color:#8bc34a;--awb-border-size:2px;--awb-border-radius:10px;--awb-background-color-front:rgba(255,255,255,0.62);--awb-title-front-color:#3f6494;\"><div class=\"flip-box-front-inner\"><div class=\"flip-box-grafix flip-box-image\"><img decoding=\"async\" src=\"https:\/\/saludablecenter.com\/wp-content\/uploads\/2019\/01\/arbol200x200.png\" width=\"200\" height=\"200\" alt=\"\" \/><\/div><h2 class=\"flip-box-heading without-text\">CURSOS Y TALLERES<\/h2><\/div><\/div><div class=\"flip-box-back\" style=\"--awb-border-color:#8bc34a;--awb-border-size:2px;--awb-border-radius:10px;--awb-title-back-color:#ffa41c;--awb-text-back-color:#3f6494;\"><div class=\"flip-box-back-inner\"><h3 class=\"flip-box-heading-back\">Cursos y talleres<\/h3>\n<p>F\u00f3rmate y ense\u00f1a \u00bfQuieres saber cual son los cursos y talleres? \u00bfTe gustar\u00eda impartir uno?<\/p>\n<p><a href=\"https:\/\/saludablecenter.com\/?page_id=13436\"><span style=\"color: rgba(139,195,74,0.62);\">Leer m\u00e1s&#8230;<\/span><\/a><\/p>\n<\/div><\/div><\/div><\/div><\/div><\/div><div class=\"clearfix\"><\/div><div class=\"fusion-clearfix\"><\/div><\/div><\/div><\/div><\/div><div class=\"fusion-fullwidth fullwidth-box fusion-builder-row-4 nonhundred-percent-fullwidth non-hundred-percent-height-scrolling\" style=\"--awb-border-radius-top-left:0px;--awb-border-radius-top-right:0px;--awb-border-radius-bottom-right:0px;--awb-border-radius-bottom-left:0px;--awb-padding-top:40px;--awb-flex-wrap:wrap;\" ><div class=\"fusion-builder-row fusion-row\"><div class=\"fusion-layout-column fusion_builder_column fusion-builder-column-4 fusion_builder_column_1_1 1_1 fusion-one-full fusion-column-first fusion-column-last\" style=\"--awb-bg-size:cover;\"><div class=\"fusion-column-wrapper fusion-flex-column-wrapper-legacy\"><div class=\"fusion-text fusion-text-3\"><h2 id=\"marca\" style=\"text-align: center;\">NUESTRA MARCA<\/h2>\n<\/div><div class=\"fusion-image-element fusion-image-align-center in-legacy-container\" style=\"text-align:center;--awb-max-width:150px;--awb-caption-title-font-family:var(--h2_typography-font-family);--awb-caption-title-font-weight:var(--h2_typography-font-weight);--awb-caption-title-font-style:var(--h2_typography-font-style);--awb-caption-title-size:var(--h2_typography-font-size);--awb-caption-title-transform:var(--h2_typography-text-transform);--awb-caption-title-line-height:var(--h2_typography-line-height);--awb-caption-title-letter-spacing:var(--h2_typography-letter-spacing);\"><div class=\"imageframe-align-center\"><span class=\" fusion-imageframe imageframe-none imageframe-1 hover-type-none\" style=\"border-radius:5px;\"><a class=\"fusion-no-lightbox\" href=\"https:\/\/www.elemvipal.com\/\" target=\"_self\" aria-label=\"LOGO ELEMVIPAL\"><img decoding=\"async\" width=\"146\" height=\"85\" src=\"https:\/\/saludablecenter.com\/wp-content\/uploads\/2019\/01\/LOGO-ELEMVIPAL.png\" alt class=\"img-responsive wp-image-13875\"\/><\/a><\/span><\/div><\/div><div class=\"fusion-text fusion-text-4\"><h4 style=\"text-align: center;\">Nuestros productos se fundamentan en dos pilares principales que avalan cient\u00edficamente su eficacia: Terapia con amino\u00e1cidos y fitoterapia<\/h4>\n<p style=\"text-align: center;\"><a href=\"https:\/\/saludablecenter.com\/?page_id=13412\"><span style=\"color: #89a13a;\">Leer m\u00e1s&#8230;<\/span><\/a><\/p>\n<\/div><div class=\"fusion-testimonials classic awb-speech-bubble-show fusion-testimonials-1\" style=\"--awb-textcolor:#ffffff;--awb-backgroundcolor:rgba(63,100,148,0.74);--awb-testimonial-border-style:solid;--awb-testimonial-border-color:var(--awb-color3);--awb-border-top-left-radius:0px;--awb-border-top-right-radius:0px;--awb-border-bottom-left-radius:0px;--awb-border-bottom-right-radius:0px;--testimonial-border-width-top:0px;--testimonial-border-width-right:0px;--testimonial-border-width-bottom:0px;--testimonial-border-width-left:0px;\" data-random=\"0\" data-speed=\"4000\"><div class=\"reviews\"><div class=\"review active-testimonial no-avatar\"><blockquote><div class=\"awb-quote\"><div class=\"awb-quote-content\">\n<p><strong>Los <u>amino\u00e1cidos<\/u> proporcionan los ladrillos (nutrientes) necesarios , mientras que la <u>fitoterapia <\/u>favorece la acci\u00f3n para hacer frente al problema de salud.<\/strong><\/p>\n<\/div><\/div><span class=\"awb-triangle\"><\/span><\/blockquote><div class=\"author\"><span class=\"company-name\"><\/span><\/div><\/div><\/div><\/div><div class=\"fusion-clearfix\"><\/div><\/div><\/div><\/div><\/div><div class=\"fusion-fullwidth fullwidth-box fusion-builder-row-5 nonhundred-percent-fullwidth non-hundred-percent-height-scrolling\" style=\"--awb-background-position:left top;--awb-border-sizes-top:0px;--awb-border-sizes-bottom:0px;--awb-border-sizes-left:0px;--awb-border-sizes-right:0px;--awb-border-radius-top-left:0px;--awb-border-radius-top-right:0px;--awb-border-radius-bottom-right:0px;--awb-border-radius-bottom-left:0px;--awb-padding-top:10px;--awb-flex-wrap:wrap;\" ><div class=\"fusion-builder-row fusion-row\"><div class=\"fusion-layout-column fusion_builder_column fusion-builder-column-5 fusion_builder_column_1_3 1_3 fusion-one-third fusion-column-first\" style=\"--awb-bg-size:cover;width:30.6666%; margin-right: 4%;\"><div class=\"fusion-column-wrapper fusion-flex-column-wrapper-legacy\"><div class=\"fusion-clearfix\"><\/div><\/div><\/div><div class=\"fusion-layout-column fusion_builder_column fusion-builder-column-6 fusion_builder_column_1_3 1_3 fusion-one-third\" style=\"--awb-bg-size:cover;width:30.6666%; margin-right: 4%;\"><div class=\"fusion-column-wrapper fusion-flex-column-wrapper-legacy\"><div class=\"fusion-aligncenter\"><a class=\"fusion-button button-3d button-xlarge button-custom fusion-button-default button-1 fusion-button-default-span fusion-has-button-gradient\" style=\"--button_bevel_color:#3f6494#;--button_accent_color:#3f6494;--button_accent_hover_color:#ffffff;--button_border_hover_color:#ffffff;--button_border_width-top:1px;--button_border_width-right:1px;--button_border_width-bottom:1px;--button_border_width-left:1px;--button-border-radius-top-left:4px;--button-border-radius-top-right:4px;--button-border-radius-bottom-right:4px;--button-border-radius-bottom-left:4px;--button_gradient_top_color:#ffffff;--button_gradient_bottom_color:#89a13a;--button_gradient_top_color_hover:#3f6494;--button_gradient_bottom_color_hover:rgba(255,255,255,0.53);\" target=\"_self\" href=\"http:\/\/tienda.saludablecenter.com\"><span class=\"fusion-button-text awb-button__text awb-button__text--default\">TIENDA ONLINE<\/span><\/a><\/div><div class=\"fusion-clearfix\"><\/div><\/div><\/div><div class=\"fusion-layout-column fusion_builder_column fusion-builder-column-7 fusion_builder_column_1_3 1_3 fusion-one-third fusion-column-last\" style=\"--awb-bg-size:cover;width:30.6666%;\"><div class=\"fusion-column-wrapper fusion-flex-column-wrapper-legacy\"><div class=\"fusion-clearfix\"><\/div><\/div><\/div><\/div><\/div><\/p>\n","protected":false},"excerpt":{"rendered":"","protected":false},"author":1,"featured_media":0,"parent":0,"menu_order":0,"comment_status":"open","ping_status":"closed","template":"100-width.php","meta":{"footnotes":""},"class_list":["post-10868","page","type-page","status-publish","hentry"],"_links":{"self":[{"href":"https:\/\/saludablecenter.com\/index.php?rest_route=\/wp\/v2\/pages\/10868","targetHints":{"allow":["GET"]}}],"collection":[{"href":"https:\/\/saludablecenter.com\/index.php?rest_route=\/wp\/v2\/pages"}],"about":[{"href":"https:\/\/saludablecenter.com\/index.php?rest_route=\/wp\/v2\/types\/page"}],"author":[{"embeddable":true,"href":"https:\/\/saludablecenter.com\/index.php?rest_route=\/wp\/v2\/users\/1"}],"replies":[{"embeddable":true,"href":"https:\/\/saludablecenter.com\/index.php?rest_route=%2Fwp%2Fv2%2Fcomments&post=10868"}],"version-history":[{"count":11,"href":"https:\/\/saludablecenter.com\/index.php?rest_route=\/wp\/v2\/pages\/10868\/revisions"}],"predecessor-version":[{"id":13996,"href":"https:\/\/saludablecenter.com\/index.php?rest_route=\/wp\/v2\/pages\/10868\/revisions\/13996"}],"wp:attachment":[{"href":"https:\/\/saludablecenter.com\/index.php?rest_route=%2Fwp%2Fv2%2Fmedia&parent=10868"}],"curies":[{"name":"wp","href":"https:\/\/api.w.org\/{rel}","templated":true}]}}